he tens digit of k?
4
Let k(f) = 15*f - 12. Let b(t) = t. Let s(j) = -12*b(j) - k(j). What is the hundreds digit of s(-6)?
1
Suppose -3*r + 5167 = 4*o, 50*o = -2*r + 55*o + 3414. What is the units digit of r?
7
Suppose -3*f = 2*f - 15. Suppose -f*k + 7*v - 3*v + 59 = 0, 3*v = -4*k + 37. What is the tens digit of k?
1
What is the units digit of (-3*4/(-36))/1*1659?
3
Let z = 64 + -34. Let v be (6/4)/(z/80). What is the tens digit of (-7)/(-14) - (-58)/v?
1
Let y = 798 - 237. What is the units digit of y?
1
Suppose 3*f - 1328 = -4*q, 4*f - 3*f - 4*q = 432. Suppose 0 = 11*j - 3*j - f. What is the units digit of j?
5
Let x(c) be the first derivative of c**4/12 + c**3/3 - c**2/2 + c - 4. Let p(q) be the first derivative of x(q). What is the units digit of p(-7)?
4
Let c = -1 + 23. What is the units digit of c + 3 - (2 + -2)/4?
5
Suppose 5*b = b + 8. Suppose -3*q + y = -33, 4*y + 34 = 4*q + 6*y. What is the tens digit of 75/b*q/15?
2
Let q(g) = g + 7. Let p be q(-5). Suppose 7*v + 11 = -t + p*v, -5*v = 3*t - 7. What is the units digit of (-12)/t*(-54)/12?
6
Let q be (-120)/(-50)*40/6. What is the tens digit of -13 + q + (-456)/(-2)?
3
Let t = -5 - -8. Suppose t*h = -h. Suppose 4*z - 108 = -h*z. What is the units digit of z?
7
Let d be ((-4)/6)/(1/12). Let u be d/44 + (-26)/(-22). What is the units digit of ((-18 + 1)*u)/(-1)?
7
Let c(b) = b**2 + b + 4. Let n be c(0). Suppose n*q - j + 73 = 0, -41 = q + 2*q + 2*j. Let x = q - -31. What is the tens digit of x?
1
Suppose 28 = 20*v - 24*v. Let f(y) = -y - 5. What is the units digit of f(v)?
2
Suppose 4*u + 5*i = 545, -5*u = -47*i + 52*i - 680. What is the units digit of u?
5
Let m(a) = -a**2 + a + 16. Let u(c) = c**3 - 14*c**2 - 14*c - 15. Let q be u(15). What is the tens digit of m(q)?
1
Suppose -4*t + 4 = -4. Let h(a) = 76*a - 2. Let k be h(t). Let d = k - 99. What is the units digit of d?
1
Let t(o) be the third derivative of -o**6/120 - 7*o**5/60 + 7*o**4/12 + 13*o**3/6 + 7*o**2. What is the tens digit of t(-9)?
4
Let k be (-7)/(-3 + 6 + -2). Let x = -4 - k. Suppose o + 48 = x*o. What is the tens digit of o?
2
Let h(p) = -p + 6. Let f be h(3). Suppose 5*r - 888 = -f*r. What is the units digit of r?
1
Suppose 0 = 19*w - 15*w + 40. What is the units digit of -1 - 258/w - 2/(-10)?
5
Let i(o) = 10*o**3 - 8*o**2 - 8*o + 54. What is the units digit of i(6)?
8
Suppose -3*o = -2*u + 10, 0 = -2*u - 3*u - 4*o + 2. Let k(z) = 0*z**2 + 5*z**2 - 3 + 2*z**2 + 7*z + u + z**3. What is the units digit of k(-5)?
4
Let t = -1576 - -4744. What is the hundreds digit of t?
1
Suppose 2*s - 106 = 232. Let r = s - 98. What is the units digit of r?
1
Let u be (-32)/(-14) + 4/(-14). Let c(l) = 0 + 7*l**3 + 8*l**u - 3 - 6*l**3 + 6*l. What is the units digit of c(-7)?
4
Let a = -2191 + 5874. What is the thousands digit of a?
3
Suppose -k + 1 + 85 = 4*z, 3*k - z - 258 = 0. Let b = 189 + k. What is the hundreds digit of b?
2
Let k be (-2)/(7/(63/(-6))). Suppose -k*i = -2*i. Suppose 55 = 4*l - 5*y, i*l + 5*l = -5*y + 125. What is the units digit of l?
0
What is the units digit of (1 + (0 - 2/1))*-515?
5
Let m(b) = -12*b. Suppose -5 = 2*l - k, 3*l + 7*k = 3*k - 2. What is the tens digit of m(l)?
2
Let r be (-24)/(-1 + -2)*22. Suppose 7*h - 5*h - r = 0. Suppose 7*b + h = 9*b. What is the units digit of b?
4
Let c = -10295 + 14490. What is the tens digit of c?
9
Suppose -5 + 2 = -x. Suppose -4*z + x*c + 33 = -0*c, 26 = 3*z - c. What is the units digit of ((-4)/12)/((-3)/z)?
1
Let d = 540 - -349. What is the units digit of d?
9
Let f(w) = 13*w**2 - 19*w + 3. Let n(z) = -7*z**2 + 10*z - 1. Let j(h) = 3*f(h) + 5*n(h). What is the units digit of j(2)?
6
Suppose 0 = -3*f + 4*v + 1500, -17*f + 18*f = -5*v + 519. What is the tens digit of f?
0
Let v be (-1133)/(-33) - (-1 + 1/3). Suppose -4*f + v + 169 = 0. What is the tens digit of f?
5
Let i = 1379 + -826. Suppose 0*z = 7*z - i. What is the units digit of z?
9
What is the hundreds digit of 353 - (-14)/35*-5?
3
Let z = -13 + 9. Let f = -1 - z. Suppose 3*p - 4*c = 123, -f*p = -0*c + 4*c - 147. What is the units digit of p?
5
Let m be (15/(-6))/((-4)/8). Suppose -2*u + 7*u - 9 = -2*q, 0 = -m*q - 15. What is the units digit of u?
3
Suppose 16*v - 17*v + 1 = 0. What is the units digit of 2946/15 + v*(-6)/(-10)?
7
Let d(f) = -3*f**2 - 7*f. Let q(s) = 3*s**2 + 6*s + 1. Let r(p) = 2*d(p) + 3*q(p). Let t(j) = j - 4. Let v be t(2). What is the units digit of r(v)?
7
Suppose 3*w = 6*w + 462. What is the hundreds digit of 2 + (1 - w) - (1 - 3)?
1
Suppose 0 = -4*g + 171 + 21. What is the units digit of g?
8
Let h be (-115)/(-40) - 2/(-16). Suppose p + 49 = h*k, 2*k - 17 = k + p. Suppose 5*t + 2*f = 108, 85 = 3*t - 3*f + k. What is the units digit of t?
2
Suppose -4*c - 112 = 4*u, c - 6*u + 16 = -u. Let w = -76 - c. Let a = -4 - w. What is the units digit of a?
6
Suppose 4*w = 5*z + 3797, -w + 2*z = -737 - 216. What is the tens digit of w?
4
Let b(c) = 2*c**2 - 2*c - 2. Let m be 3/6 - (-21)/(-2). Let g = -6 - m. What is the units digit of b(g)?
2
Let c(k) = 5*k**2 - 117*k - 2. What is the hundreds digit of c(34)?
8
What is the hundreds digit of 570 + (-5 - 1) + 7?
5
Let u be -18*3*2/12. Let b be ((-12)/u)/(6/9). Let d(s) = s**3 - 2*s**2 + 3*s - 1. What is the units digit of d(b)?
5
Let b = 9 + -7. Let g be 33*3/(-2 + 44/16). Suppose -z = -b*y + g, -5*y + 2*z - 230 = -562. What is the units digit of y?
8
Let t(m) = m**2 - 3*m - 4. Let u be t(7). Suppose 2*p - u = -2*n + 5*n, n - 5*p = -21. Let q(x) = x**3 + 6*x**2 - 5*x - 7. What is the units digit of q(n)?
3
Let b(q) = 209*q - 145. What is the units digit of b(13)?
2
Suppose 295 = d + 3*b, 19*d - b = 15*d + 1245. What is the units digit of d?
0
Let g(n) = 53*n**3 - 4*n + 4. Let v be g(2). Let q be (2 - (-16)/(-10))*v. Suppose -4*a = -0*a + 4*j - q, j = 1. What is the tens digit of a?
4
Suppose 4*b = 2*h - 5*h - 1, 0 = 2*b - 3*h - 13. Suppose b*a - 322 = -2*g, g - 7*a + 10*a - 151 = 0. What is the hundreds digit of g?
1
What is the hundreds digit of (-16)/(-40) + 1/5*2193?
4
Let v = 844 - 600. What is the tens digit of v/8 - (-24)/16?
3
Let q = -12 - -15. Suppose -5*u + 2 = -q. Suppose 2*g = 4*m - 2, 2*g + 2 - u = 3*m. What is the units digit of m?
1
What is the hundreds digit of ((-668)/5)/((-20)/50)?
3
Let v = -26 - 1. What is the units digit of 366/54 - 6/v?
7
Let l(m) = -m**3 + 11*m**2 - 10*m + 15. Let k be l(10). Suppose 548 = 10*a + 98. Let c = k + a. What is the tens digit of c?
6
Suppose -4 = 5*m - 14. Suppose 3*g - 5 = m*q, -4*q = -g + 2*g - 11. What is the tens digit of (-11)/(-1)*q + -1?
2
Let i = -8 + 9. What is the tens digit of (-1)/((i + 1)/(-122))?
6
Let h(x) = 1 + 4 + 2*x**3 - 4*x**2 - 10*x - x**3 - 6. What is the tens digit of h(7)?
7
Let h = -152 + 94. Let c = 81 + h. What is the units digit of c?
3
Suppose 0 = -18*v + 16*v + 44. Let l = 42 - v. What is the tens digit of l?
2
Let t(u) = -7*u**2 + 2*u - 1. Let w(r) = -22*r**2 + 7*r - 4. Let i(o) = -7*t(o) + 2*w(o). Let s be i(1). Suppose f - s*f + 84 = 0. What is the tens digit of f?
2
Let g be -3 + (-3)/2*-118. Suppose -10*c + 7*c = -g. Suppose c = 4*h - 70. What is the tens digit of h?
3
Suppose -23*t + 8*t + 7785 = 0. What is the tens digit of t?
1
Suppose 0*n - 2*p + 50 = -4*n, -4*p + 60 = -4*n. Let i be (12/10)/((-2)/n). Suppose -4*x + 5*y = -29, 0 = -5*y - i + 1. What is the units digit of x?
6
Suppose -3*f = d - 3*d - 9, -3*f = 4*d - 9. Suppose d = q + 3*q + 104. Let v = q - -66. What is the tens digit of v?
4
Suppose 9*p + 12976 = 14*p - 4*x, 0 = -3*x - 12. What is the thousands digit of p?
2
Suppose 3*k = 937 + 1223. Suppose -14*p + k = -11*p. What is the hundreds digit of p?
2
Suppose -21*q + 6526 = -23924. What is the thousands digit of q?
1
Suppose -14*i + 17*i - 33 = 0. Suppose i*w = 10*w - 93. What is the units digit of 1/((2 + -5)/w)?
1
Let t = -2403 + 3802. What is the tens digit of t?
9
Suppose 5*h = -2*l + 24, 0*l - h = 3*l - 10. Suppose 20*k + 7*k - 135 = 0. Suppose -b + 10 + 15 = 3*i, -l*i - k*b = -8. What is the units digit of i?
9
Suppose 5*c - z = 0, 0 = -2*c - c + 2*z. Let h = 3 - c. What is the units digit of 24/4 + (1 - h)?
4
Let t(b) = 6*b + 1. Let d(m) = -m + 1. Let n(l) = 5*d(l) + t(l). Let q be n(-3). Suppose q*j + 16 = 208. What is the units digit of